) = -r**3 + 2*r**2 - r + 6. Let u(h) = -h**3 + h**2 - h + 1. Let a(n) = -f(n) + 2*u(n). Suppose -12*q = -17*q + 135. Let w = -27 + q. Determine a(w).
-4
Let v be 5/(-4) - 234/(-104). Let g(a) = a**2 - 5*a + 7. Determine g(v).
3
Let l(m) = 6*m**2 + m + 1. Suppose t - 3 = h, 6*t = 2*t - 2*h + 6. Suppose -4*d - 18 - 110 = -t*r, 4*d + r + 116 = 0. Let w be (-6)/d - 12/10. Give l(w).
6
Suppose 5*a - 47 + 12 = 0. Let c(g) = -g**2 + 5*g + 2. What is c(a)?
-12
Let g(p) be the first derivative of -p**4/12 + 3*p**3/2 - 2*p**2 - 17*p + 14. Let l(w) be the first derivative of g(w). Calculate l(8).
4
Let k(z) be the second derivative of z**5/20 + z**4/2 + 2*z**3/3 - 3*z**2 + z + 2. What is k(-5)?
-1
Let m(v) be the first derivative of v**3/3 - 2*v**2 - 4*v + 289. Determine m(-1).
1
Let k(j) = 5*j + 1 + j + 0*j - 8*j. Suppose 21 + 35 = -7*l. Determine k(l).
17
Let a(v) be the third derivative of v**6/120 + v**5/15 - 5*v**4/24 - 2*v**3/3 - 5*v**2. Suppose -239*s + 229*s = 40. Calculate a(s).
16
Let o(y) = 2*y**2 + 3*y - 2. Let w(s) = -s**3 + 18*s**2 - 18*s + 19. Let l = 70 + -53. Let n be w(l). What is o(n)?
12
Let q(f) = 21*f + 7 + 22*f - 44*f. Suppose -5*c = 4*z, -c - 2*z = -3*c. Give q(c).
7
Let p(v) = -v**3 - 6*v**2 - 2*v - 7. Let l(r) = -r**2 + 7*r - 10. Let c be l(4). Let x be 1 + c + -1 + -8. Determine p(x).
5
Suppose 3*w + 14 + 1 = 0. Let n(i) be the third derivative of -i**5/60 - i**4/4 - 2*i**3/3 - 13*i**2. What is n(w)?
1
Suppose -t - 5*g + 12 = 0, 2*t + 4*g - 15 = 3. Let n(x) = -x**2 + 9*x - 7. Give n(t).
7
Let f(x) = -1 - 2 + 2*x**2 + 4*x - x. Let j(y) = 2*y - 19. Let q = 8 + 0. Let p be j(q). What is f(p)?
6
Let h(j) = -j + 3. Suppose 3*r + 0*r - 2 = 2*y, 4*r = -3*y - 3. Suppose r = a + 14 - 15. Suppose -f + a = -4. Determine h(f).
-2
Let i be (4 - -2) + -1 - 6. Let x(o) = -5*o + 5. Let j(v) = 2*v - 3. Let r(z) = 5*j(z) + 3*x(z). Determine r(i).
5
Let y(i) = i**3 - 10*i**2 - 2*i + 2. Let u(r) = -2*r**3 + 21*r**2 + 4*r - 4. Let x(w) = -6*u(w) - 13*y(w). Let f be 2/8 - 180/80. What is x(f)?
18
Let j(a) = a**2 + 15*a - 4. Suppose 2*l = 0, -4*k - 21 = -5*l + 39. What is j(k)?
-4
Let l(z) = 2*z**2 - 1 + 0*z**2 + 4*z - 3*z + z**3. Let w be (-11)/((-198)/27)*4/3. Give l(w).
17
Let t(w) = w**3 - 3*w**2 - 2*w + 4. Let c = -353 - -357. Determine t(c).
12
Let g(i) be the third derivative of -i**4/24 - 4*i**3/3 - 11*i**2 - 4*i. Let s(o) = o**2 + 3*o. Let u be s(-3). What is g(u)?
-8
Let r = 21 - 30. Let y(v) = 4*v + 1. Let h(u) = 5*u + 1. Let i(k) = -3*h(k) + 4*y(k). What is i(r)?
-8
Let b(f) = -f**3 + 7*f**2 - 8*f - 2. Let l(k) = k**3 + 4*k**2 - 3*k - 6. Suppose -101 = -3*x - 113. Let j be l(x). Determine b(j).
-14
Let q(k) be the third derivative of -k**5/60 - 5*k**4/24 + 7*k**3/3 + 53*k**2. Determine q(-10).
-36
Let w = 40 + -32. Let q be w*3/18*6/4. Let u(k) = k**2 - k + 2. Give u(q).
4
Let i(b) = 12*b**2 - 2*b + 27*b**2 + 3*b + 4 - 40*b**2. Give i(2).
2
Let n(h) = 6*h**2 + h - 1. Let w be n(1). Suppose -2*k = 2*k - 5*z + w, -9 = -3*k - 3*z. Let m(d) = -d**3 + 2*d**2. What is m(k)?
1
Let a(h) be the second derivative of h**7/420 + h**6/120 - h**5/120 - 5*h**3/6 + 28*h. Let i(r) be the second derivative of a(r). Determine i(-3).
-24
Let p = -4 - -6. Let x(a) = a - a**3 + 3 + 4*a**p + 4*a + 1. Suppose -10*t + 9*t = -5. Calculate x(t).
4
Let n(p) = -2*p + 3. Let v be n(4). Let w(u) = -u**2 - 7*u - 10. Let f be w(v). Let o(a) = 1 + f - a**2 + 4*a - 4 + 1. Calculate o(4).
-2
Let r(z) = z**3 - 5*z**2 - 5*z. Let d(o) = 9*o**2 + 54*o + 6. Let v be d(-6). Determine r(v).
6
Let a(l) = 17*l**2 + 15*l - 5. Let z(g) = 14*g**2 + 14*g - 6. Let x(w) = 5*a(w) - 6*z(w). Calculate x(5).
-9
Let o(g) = g - 6. Suppose -14 = -3*d - 2. Suppose w - 6*b = -2*b + 3, -d*w = 2*b + 24. Calculate o(w).
-11
Let o(m) = 38*m**2 - 3*m - 1. Let x be o(-1). Suppose -3*f = -8*f - x. Let z(k) = -4*k**3 + 7*k - 7*k**2 + 9*k**3 - 9 - 5*k**3 - k**3. Calculate z(f).
-1
Let w(g) = g**3 + 6*g**2 - 3*g - 5. Let m(n) be the second derivative of -n**3/6 + 3*n**2 + 6*n. Let i be m(7). Let r be (6/4)/(i/4). Determine w(r).
13
Let m(v) = -1 + v + 26*v**2 + 6*v - 2*v + 0*v - 3*v. What is m(1)?
27
Let x be 20/(-6) + 0 + (-14)/21. Let n(v) = -v**3 - 3*v**2 + 5*v + 4. Give n(x).
0
Suppose -5*h - 4 = 7*s - 10*s, 0 = 2*s + 4*h + 34. Let p(a) = -a**3 - 6*a**2 + 6*a - 1. Determine p(s).
6
Let r(y) = -10 + 3*y + 9*y - 7*y - 3 + 4. What is r(-6)?
-39
Let l(u) be the first derivative of -u**3/3 + 4*u**2 + 4*u + 334. Determine l(7).
11
Let l(p) be the third derivative of -p**6/120 - 11*p**5/60 - 3*p**4/8 + 23*p**3/6 + 48*p**2. What is l(-10)?
13
Let k(g) = -g**3 + 13*g**2 - 12*g - 5. Let h(z) = 3*z + 27. Suppose -5 = -5*c - 30. Let l be h(c). What is k(l)?
-5
Suppose 0 = 3*t + 15, 37 = -6*l + 2*l - 5*t. Let d(q) = -2*q**2 + 4*q + 27. Let r(h) = -h - 4. Let n(b) = d(b) + 6*r(b). Give n(l).
-9
Let c(i) be the first derivative of i**3/3 - 8*i - 1. Let o be 1*((-2 - 0) + 2). Let w be (2 - 1)*o/3. Determine c(w).
-8
Suppose -5*j = 2*s - 3, j + 3 = -4*s - 0*s. Let d(m) = -15*m**2 - 16*m + 5. Let w(h) = -16*h**2 - 12*h + 4. Let o(r) = 3*d(r) - 4*w(r). What is o(s)?
18
Suppose 5*n + 56 + 29 = 0. Let y = -13 - n. Let p(r) = 2*r - 6. Give p(y).
2
Let m(f) = 4*f**3 - 7*f**2 + 5*f + 1. Let g(b) = 9*b + 31. Let y be g(-4). Let q(u) = 3*u**3 - 7*u**2 + 4*u + 2. Let i(l) = y*q(l) + 4*m(l). Give i(-7).
-6
Suppose 0 = 4*v - 8, 3*p - 4 = -2*p - 2*v. Suppose 3*f + 4*b - 10 = p, 3*f + b - 9 = -f. Let n(t) = -6*t + 3. Calculate n(f).
-9
Let y = 24 + -24. Let n(o) = -2*o**2 - o + 2*o + 2*o**2 - 6 - o**3. Calculate n(y).
-6
Let w(x) be the second derivative of -x**3/3 + 3*x**2/2 - 2*x. Let r be w(3). Let c(u) = 5*u + 2. Give c(r).
-13
Let h(y) = y**3 - 2*y**2 - 9*y - 5. Let w(g) = -3*g**2 - 2*g**3 + 2 + 0*g**3 + 18*g + 7 + 8*g**2. Let f(r) = 7*h(r) + 4*w(r). Determine f(7).
15
Let o(v) = v**2 + 1. Let n(j) = j**3 - 12*j**2 - 11*j + 5. Let z be n(13). Let b = z - 19. Let f = -14 + b. Give o(f).
5
Let m(f) be the first derivative of f**4 + f**3/3 - f + 120. Let j be (-12)/10 - (-1)/5. Calculate m(j).
-4
Let m(d) = -9*d**3 + 1. Let v be (((-4)/(-8))/1)/(3/18). Suppose -v*w = 0, -2*i + 5*w + 0 = -2. What is m(i)?
-8
Let l = -907 - -913. Let n(f) = -5*f + 24. Calculate n(l).
-6
Let a(f) = f**3 + 8*f**2 + 6*f. Let z = -1586 + 1581. What is a(z)?
45
Let o(r) = r**2 - 3*r + 4. Let v = -9 - -11. Suppose 10*b = v*b + 24. What is o(b)?
4
Let m = -9 - -15. Let r(u) be the second derivative of u**4/12 - u**3 + 3*u**2 - 4*u. Let o(c) be the first derivative of r(c). What is o(m)?
6
Let s(u) = 4*u + 32. Suppose -46*d - 67 - 393 = 0. Give s(d).
-8
Let q(u) = -6*u - 1. Suppose -4*h + 3 = 11. Let k be -1*(h - 0 - -3). Determine q(k).
5
Let j(s) = -s**3 + 7*s**2 - 9*s + 9. Let f be (-132)/(-10) - (-1)/(-5). Let d be 6/(-1) + 5*(-2)/10. Let b = d + f. Determine j(b).
-9
Let i be (-21)/(-4 + 1) + (17 - 28). Let z(t) = t**3 + 4*t**2 - 5*t - 4. Determine z(i).
16
Suppose 5*t - i + 21 = 0, -5*t + 40*i = 35*i + 25. Let o(n) = 8*n + 1. Determine o(t).
-31
Let b(k) be the first derivative of k**3/3 + 7*k**2/2 - 13*k - 46. Give b(-9).
5
Suppose -62*u + 67*u + 30 = 0. Let b(a) be the first derivative of -a**4/4 - 2*a**3 - 5*a**2/2 - 4*a - 4. What is b(u)?
26
Let u(x) = x + 15. Let l(j) = 3*j - 24*j**2 - 10 + 6*j + 25*j**2. Let v be l(-10). Determine u(v).
15
Let a = 100 + -106. Let s(b) = -2 - 2 - 3*b + 3 - 8. Determine s(a).
9
Let u(o) be the first derivative of o**2/2 - 1. Let h(i) = -34 + 12*i + 32 + i**2 + 0*i**2. Let f be h(-12). Give u(f).
-2
Let w(m) = -m - 4. Let g = 9 + -6. Let r = g + -1. Suppose b + 4 = 3*t - 5*t, -t - 2*b = r. Calculate w(t).
-2
Suppose 71 = 4*o + 79. Let c be (-3 + (-13)/(-5))/(o/30). Let u(y) = -y + 6. Give u(c).
0
Let l(i) = 3*i - 1. Suppose 0 = 95*k - 96*k - 4. What is l(k)?
-13
Let w(d) = d + 2. Suppose 0*a = -8*a - 56. Give w(a).
-5
Let c(x) = -x**3 + x + 5. Let r be c(0). Let m(g) = -14*g**2 + 23*g - 11. Let d(f) = -5*f**2 + 8*f - 4. Let p(i) = 11*d(i) - 4*m(i). Give p(r).
5
Let n(q) = -q**2 + 2*q + 2. Suppose 0 = -2*a - 4, b + 0*b + a = 0. Suppose -4*x - 15 = -r, -2*r = -0*r + b*x. Determine n(r).
-1
Let i = 43 + -41. Let n(w) = -100*w + 0*w**i + 103*w - 3 - w**2. Determine n(2).
-1
Let w(u) be the first derivative of -u**2